43 and 66.
33
Calculate the greatest common factor of 7 and 28.
7
What is the greatest common factor of 550 and 575?
25
What is the highest common divisor of 70 and 28?
14
Calculate the highest common divisor of 1 and 31.
1
What is the highest common divisor of 7 and 1211?
7
What is the greatest common divisor of 192 and 168?
24
What is the greatest common factor of 852 and 1?
1
What is the greatest common divisor of 2773 and 235?
47
What is the highest common divisor of 60 and 135?
15
What is the greatest common divisor of 150 and 800?
50
What is the greatest common divisor of 35 and 69545?
35
Calculate the greatest common divisor of 5568 and 261.
87
What is the highest common factor of 4071 and 138?
69
What is the greatest common divisor of 8218 and 28?
14
Calculate the highest common factor of 66 and 24.
6
What is the greatest common factor of 630 and 5950?
70
Calculate the highest common factor of 243 and 189.
27
Calculate the greatest common divisor of 18126 and 76.
38
What is the highest common factor of 416 and 156?
52
What is the greatest common factor of 231 and 33?
33
Calculate the greatest common factor of 486 and 6.
6
What is the greatest common factor of 4175 and 400?
25
What is the greatest common factor of 1360 and 320?
80
What is the greatest common factor of 60 and 735?
15
Calculate the greatest common factor of 270 and 100.
10
Calculate the greatest common divisor of 4 and 108.
4
Calculate the greatest common divisor of 7684 and 51.
17
What is the highest common divisor of 40 and 5464?
8
What is the highest common factor of 68 and 212?
4
Calculate the highest common divisor of 17 and 9044.
17
Calculate the greatest common divisor of 130 and 70.
10
What is the highest common divisor of 188 and 6721?
47
Calculate the greatest common divisor of 45 and 11.
1
What is the greatest common divisor of 77 and 1309?
77
What is the highest common factor of 99 and 25674?
33
Calculate the highest common divisor of 7595 and 155.
155
Calculate the greatest common factor of 26 and 442.
26
Calculate the highest common divisor of 108 and 180.
36
What is the highest common factor of 20764 and 116?
116
What is the highest common divisor of 3580 and 8?
4
Calculate the greatest common factor of 1856 and 16.
16
What is the greatest common divisor of 1066 and 82?
82
What is the greatest common divisor of 151 and 1963?
151
Calculate the highest common factor of 2321 and 11.
11
What is the greatest common factor of 6 and 13?
1
What is the highest common divisor of 138 and 42?
6
What is the greatest common factor of 15254 and 29?
29
What is the greatest common factor of 676 and 36?
4
Calculate the greatest common factor of 1529 and 139.
139
What is the greatest common factor of 18 and 284?
2
What is the greatest common divisor of 48 and 112?
16
What is the greatest common factor of 276 and 23?
23
Calculate the greatest common factor of 425 and 255.
85
Calculate the greatest common factor of 78 and 663.
39
Calculate the highest common divisor of 368 and 688.
16
Calculate the greatest common factor of 1241 and 323.
17
Calculate the highest common divisor of 432 and 96.
48
Calculate the greatest common divisor of 60 and 660.
60
Calculate the greatest common factor of 27 and 12.
3
What is the highest common divisor of 72 and 828?
36
What is the greatest common factor of 4107 and 555?
111
Calculate the highest common factor of 135 and 81.
27
What is the highest common factor of 2024 and 33?
11
What is the greatest common divisor of 880 and 60?
20
Calculate the highest common divisor of 88 and 209.
11
What is the greatest common factor of 12 and 25356?
12
Calculate the highest common divisor of 55 and 3.
1
Calculate the greatest common factor of 8442 and 252.
126
What is the greatest common factor of 279 and 31?
31
Calculate the highest common factor of 24922 and 34.
34
Calculate the highest common factor of 70 and 28.
14
What is the greatest common divisor of 20 and 1440?
20
What is the greatest common divisor of 10 and 55?
5
Calculate the greatest common divisor of 81 and 5913.
81
Calculate the highest common factor of 2675 and 100.
25
Calculate the greatest common divisor of 144 and 9144.
72
What is the highest common divisor of 2880 and 1710?
90
What is the highest common factor of 637 and 52?
13
Calculate the greatest common divisor of 18 and 8469.
9
What is the greatest common divisor of 15 and 1755?
15
Calculate the greatest common factor of 13 and 299.
13
Calculate the greatest common factor of 680 and 40.
40
Calculate the highest common divisor of 45 and 210.
15
Calculate the highest common factor of 40 and 40.
40
What is the highest common factor of 6000 and 24?
24
What is the highest common divisor of 13 and 481?
13
What is the highest common factor of 18 and 720?
18
Calculate the highest common factor of 6124 and 4.
4
Calculate the highest common divisor of 1116 and 252.
36
What is the greatest common factor of 86 and 50?
2
What is the greatest common divisor of 10 and 1670?
10
Calculate the highest common divisor of 20 and 115.
5
Calculate the highest common divisor of 27781 and 13.
13
Calculate the highest common divisor of 8289 and 81.
27
What is the greatest common divisor of 65 and 143?
13
What is the greatest common divisor of 12 and 22?
2
What is the greatest common divisor of 480 and 30?
30
Calculate the highest common divisor of 24 and 6368.
8
Calculate the greatest common divisor of 14 and 2702.
14
What is the highest common divisor of 342 and 72?
18
What is the greatest common factor of 6 and 33?
3
What is the greatest common divisor of 86 and 2322?
86
Calculate the greatest common divisor of 94 and 1786.
94
What is the highest common factor of 396 and 693?
99
Calculate the highest common factor of 1727 and 314.
157
Calculate the greatest common divisor of 4030 and 10.
10
What is the greatest common factor of 104 and 10322?
26
What is the highest common divisor of 40 and 2260?
20
What is the greatest common divisor of 648 and 270?
54
Calculate the highest common divisor of 1472 and 128.
64
What is the highest common divisor of 11 and 88?
11
What is the greatest common divisor of 11 and 904?
1
What is the highest common divisor of 45 and 30?
15
Calculate the greatest common factor of 184 and 144.
8
Calculate the greatest common factor of 260 and 468.
52
Calculate the highest common divisor of 4066 and 38.
38
Calculate the greatest common factor of 9180 and 630.
90
Calculate the highest common divisor of 9 and 81.
9
Calculate the greatest common divisor of 39 and 1391.
13
Calculate the highest common factor of 1632 and 288.
96
Calculate the greatest common divisor of 11 and 1342.
11
What is the highest common divisor of 552 and 6?
6
What is the greatest common factor of 17 and 12019?
17
Calculate the highest common divisor of 7918 and 148.
74
Calculate the greatest common divisor of 648 and 8.
8
Calculate the highest common divisor of 36 and 10593.
9
Calculate the highest common factor of 574 and 1886.
82
What is the highest common factor of 62 and 54?
2
What is the greatest common divisor of 7 and 119?
7
What is the highest common divisor of 93 and 124?
31
Calculate the highest common divisor of 86 and 13330.
86
What is the greatest common divisor of 1147 and 31?
31
What is the highest common factor of 379 and 59503?
379
What is the greatest common divisor of 121 and 649?
11
What is the highest common divisor of 10 and 5?
5
Calculate the greatest common factor of 46 and 713.
23
Calculate the greatest common divisor of 26 and 21814.
26
Calculate the highest common divisor of 400 and 80.
80
Calculate the highest common divisor of 660 and 23540.
220
What is the greatest common divisor of 360 and 16?
8
What is the highest common factor of 1528 and 88?
8
Calculate the highest common divisor of 255 and 45.
15
What is the greatest common divisor of 402 and 469?
67
What is the greatest common divisor of 377 and 116?
29
Calculate the highest common divisor of 456 and 171.
57
What is the greatest common divisor of 10 and 26?
2
What is the highest common factor of 572 and 176?
44
Calculate the highest common factor of 1025 and 10455.
205
Calculate the highest common divisor of 14 and 826.
14
What is the highest common divisor of 1309 and 5467?